te number?
True
Let b(n) = 9*n**2 - n - 7. Let u be b(-5). Suppose 2*t = -5*w - 235, t + 2*w = -t - 226. Let y = u + t. Is y a composite number?
False
Suppose -94 = -4*y + 90. Suppose y = c - 3*p, 0 = 2*c + c - 3*p - 108. Is c prime?
True
Let w = -909 + 2090. Is w prime?
True
Let v(c) = -38*c + 3. Let i(o) = 19*o - 2. Let l(a) = -5*i(a) - 3*v(a). Suppose -5*z + 43 = 13. Is l(z) prime?
False
Let o be 1454*(3/1)/6. Suppose 1529 = 4*x - o. Suppose -r - 3*r = -x. Is r a composite number?
True
Let g = -243 - -454. Is g composite?
False
Let y(t) = t + 7. Suppose 5*a = 3*s + 35, 5*s = -2*a - 0 - 17. Let m be y(s). Is m/6*27/1 composite?
True
Let c = 87 + -48. Let v = c - 14. Is v a composite number?
True
Let l(r) = 8*r + 17. Is l(10) a prime number?
True
Let o(y) = 5*y**2 - 12*y + 15. Let d(c) = 3*c**2 - 8*c + 10. Let s(j) = -8*d(j) + 5*o(j). Is s(-6) a prime number?
True
Let g(d) = 1099*d. Is g(1) composite?
True
Suppose -5*t = -4*o - 1487, -1177 = -7*t + 3*t - o. Is t composite?
True
Suppose 5*u + 35 = -0*u. Is (-7 + u)/((-4)/14) composite?
True
Let g be (-81)/12 + (-2)/8. Let j be (-9)/g - 12/42. Is (-1 - -6)*(8 - j) a prime number?
False
Is (-139)/(-3)*(1 - -5) prime?
False
Let u = -20 + 30. Suppose 6*d = d + u. Suppose 0 = 4*p + 4*y - 16, d*p + y - 10 = 3. Is p prime?
False
Let q(g) = 413*g**3 + g**2 - g + 2. Is q(1) a prime number?
False
Is (-11)/(-3*(-2)/(-426)) composite?
True
Suppose -d = 2*v - 11 + 3, 2*v = 8. Suppose 4*w - 246 + 18 = d. Suppose -4*c = -c - w. Is c prime?
True
Suppose 0 = -4*i - 360 - 3136. Is (-6)/9 + i/(-6) a prime number?
False
Suppose -3*h + 5373 = -2*f, -h + 659 = -f - 1131. Is h prime?
False
Suppose 0 = o - 5*n - 243, 4*n + 641 = 5*o - 637. Let k = o - 167. Is k a composite number?
True
Let z = -4 - -4. Suppose z = 5*v - 5 - 5. Suppose -g - 30 = -4*s - v, -3*g = 0. Is s a prime number?
True
Suppose -147 = -2*j + 585. Let l = j + -107. Is l prime?
False
Suppose 0*c = 3*c + 5*i + 410, c + 160 = 3*i. Let y = 306 + c. Is y prime?
False
Suppose 0 = 5*t + 2*h - 391, 4*t - 217 = 2*h + 85. Is t composite?
True
Let b be 3399/(1/(-3) - 0). Is b/(-117) - 4/26 a prime number?
False
Let h(a) = -12*a - 2. Let r be h(-8). Suppose v + 36 - r = 0. Is v a prime number?
False
Let m be 2176/(-12) + 4/(-6). Let d = m - -123. Is 2/(-3) + d/(-3) a prime number?
True
Let f(q) = 23*q**2 - 4*q + 10. Is f(3) a prime number?
False
Suppose x + 4 = -5*q - 6, -4*q = 3*x + 19. Let c(s) = 6*s**2 + 2*s + 4. Let h be c(5). Let a = q + h. Is a a prime number?
True
Let i = -1719 + 2870. Is i prime?
True
Suppose -3*v - 22 + 3 = -2*w, -5*w + 30 = -4*v. Suppose -l + 6 = -w*t - 0, 5*l - 17 = -3*t. Suppose l + 6 = 5*c. Is c prime?
True
Is (6/(-2))/(-1 + 132/138) composite?
True
Let y(l) = 2*l - 2*l + 150 - l**2 + l + 223. Is y(0) composite?
False
Let z = 415 - 156. Is z composite?
True
Let t = 154 + -13. Is t composite?
True
Let r(z) = z**3 + 6*z**2 - z - 2. Let u be r(-6). Suppose -61 = -u*a + 23. Is a a composite number?
True
Is 12890/34 - (-6)/(-51) composite?
False
Let s be (-3)/(-3 - -6) - -2. Is 48 - ((s - 1) + -3) a prime number?
False
Let s = 151 + 10. Is s composite?
True
Let f be (356/(-3))/(14/(-21)). Suppose j + f = 3*j. Is j a prime number?
True
Let k be -2 + 3*(-28)/(-6). Let y be 1778/k + (-2)/12. Suppose x = -3*x + y. Is x prime?
True
Suppose 0*w = 2*w - 12. Let s = -11 + w. Is 2/10 - 189/s a prime number?
False
Suppose 99 = -8*r + 11*r. Suppose 5*g - g - r = -3*m, 5*g - 43 = -4*m. Is m a prime number?
True
Suppose 4*n + 5*j = -0*n + 13422, n = 2*j + 3349. Is n composite?
True
Let f(a) = 2*a**2 - 3*a. Suppose -2*q = -b - 7, -5 = -3*q + b + 6. Suppose -q*x - x = -25. Is f(x) composite?
True
Is (-12)/(-24) + 10/4 prime?
True
Let w(y) = y**2 + 7*y + 1. Let r be w(-8). Suppose 6 + r = 3*x. Suppose 27 + 48 = x*u. Is u a prime number?
False
Suppose -d - 2*d - 261 = 0. Let j = 134 + d. Is j a prime number?
True
Let z(o) = o**3 - 4*o**2 + 3*o - 1. Let i be z(3). Is (3/9)/(i/(-267)) prime?
True
Let v be 2/4 + (-27)/(-6). Suppose -3*j + 14 = v. Suppose -j*r = -r - 110. Is r a composite number?
True
Let z = 185 + 264. Is z a prime number?
True
Let z be (0 - 1)*(2 - 1). Let g be ((-9)/3 + z)/(-2). Suppose -125 = -7*a + g*a. Is a a composite number?
True
Let z = -1 - -4. Suppose 2*x - 92 = x - 3*m, -z*m = -3*x + 240. Is x prime?
True
Let f be -3 + 0 + 2 - 1. Is (f - 98/4)*-2 composite?
False
Suppose i = 66 + 51. Let x be -96*(4/(-3) - -2). Let a = i + x. Is a a composite number?
False
Suppose 5*n - 1184 = 4021. Is n a prime number?
False
Suppose -4*t + 2787 = 655. Is t composite?
True
Suppose 0*j + l - 233 = -5*j, -4*l = j - 58. Let i = j - 1. Let h = i + -22. Is h a prime number?
True
Let a(d) = -7*d**2 - 3*d - 4. Let y(m) = 6*m**2 + 3*m + 3. Let b(z) = 5*a(z) + 6*y(z). Let i be b(-4). Suppose -i*q - 159 = -5*q. Is q composite?
False
Is (1338/(-12))/((-3)/6) prime?
True
Suppose -f - 10 = -2*f + 2*z, 2*f + 3*z = -8. Suppose 2*q - 7*q = -30. Is (66/9)/f*q prime?
False
Let j(x) = 2*x + 17. Let s(a) = -4*a - 33. Let o(r) = -11*j(r) - 6*s(r). Is o(11) prime?
False
Is ((-2)/(-3))/(6/4383) a composite number?
False
Suppose 27*f - 7022 = 25*f. Is f composite?
False
Let j(d) = 2*d + 6. Let z be j(-3). Suppose -3*y + z*o = -2*o - 907, -4*y - 4*o + 1216 = 0. Is y composite?
True
Suppose b - 2*o + 146 = 5*b, 0 = -2*b + 5*o + 67. Suppose -4*n + 24 = p + p, b = 5*p + 4*n. Suppose -p*w = 8 - 60. Is w composite?
False
Let p be -1 - 0 - (5 + -92). Suppose a = p - 19. Is a a prime number?
True
Suppose -5*z = 2*h - 1469, -194 + 1374 = 4*z + 4*h. Is z composite?
False
Let o be (1 - -1)/2*3. Suppose -o*j + 1645 = 2*j. Is j composite?
True
Let r(t) be the third derivative of -t**5/60 - t**4/8 + t**3/3 + 3*t**2. Let x be r(3). Let m = x - -111. Is m a prime number?
False
Let p be ((-4)/(-8))/(1/4). Let c(v) = -3 + 7*v**2 - 2*v - 1 + p. Is c(5) composite?
False
Let g = 1 + 3. Suppose g*x + w + 25 - 70 = 0, 2*x - 3*w - 19 = 0. Is x a prime number?
True
Suppose 5*v - 186 = -2*m, 2*m - 3*v - 18 = 200. Is m composite?
False
Let z = 41 + -7. Is z a prime number?
False
Let f(i) be the third derivative of i**4/24 + i**3 - 2*i**2. Is f(-4) a prime number?
True
Let g = -5 - -5. Let d(t) = 13 + 0 + 12 - t - 3. Is d(g) composite?
True
Suppose -351 = -3*h - 3*q, -3*h = -2*q - q - 327. Is h composite?
False
Suppose 0 = -0*s - 2*s + 4. Is s/(-5)*(-1 + -144) a prime number?
False
Let w(y) = 8*y**2 + 5*y - 4. Suppose 0 = 5*n - f - 12 - 8, 0 = -4*n - 5*f - 13. Let r be w(n). Suppose 3*j - 16 = r. Is j composite?
True
Let y be 0 + -2 + 1 + 4. Is y/((-2)/328*-4) a composite number?
True
Let i(d) = d**2 - d + 2. Is i(-7) composite?
True
Suppose -2*w + 4*f = -46, -w + 4*w - 4*f = 61. Let g = w - 11. Suppose k - 4*p = 225, -30 + 10 = g*p. Is k prime?
False
Let g(h) = h**2 - 1. Let v(z) = z**2 + 6*z - 3. Let c be v(-6). Let s(a) = 6*a**2 + 4*a - 1. Let k(u) = c*g(u) + s(u). Is k(-5) prime?
False
Suppose 35 = v - 74. Is v composite?
False
Suppose 5*d = -5*z - 5, -d - 1 - 4 = -z. Let t(w) = 0*w - 3 + 26*w + 14*w. Is t(z) prime?
False
Suppose -2*z + z - 129 = -2*m, 2*z = -3*m + 176. Suppose 0*y = 2*y - m. Is y prime?
True
Let h(x) = 33*x**2 - 2*x - 1. Let o be h(-1). Suppose 0 = y - 5*m - 9 + o, 5*y + 125 = -3*m. Let g = 8 - y. Is g composite?
True
Suppose 2*y + 2*y = 296. Suppose b = -3*p + 149, 2*p + 5*b = y + 8. Is p composite?
True
Let c be (-2)/8 + 12338/8. Suppose 2*w - 294 = b + 734, 3*w - 3*b - c = 0. Is w/14 + (-6)/(-21) composite?
False
Suppose -14 + 466 = -s. Is (-2)/(1364/s - -3) a prime number?
True
Let o(p) = 2*p**2 + 13*p - 1. Is o(-12) composite?
False
Let p = 8 + -10. Let f be ((-18)/9)/(p/(-7)). Let n = f - -10. Is n a composite number?
False
Let c(i) = -i**2 - 5*i - 5. Let o(f) = f**3 - 8*f**2 - 9*f - 4. Let j be o(9). Let h be c(j). Is (1 + (4 - h))/2 prime?
True
Let q(f) = -f - 1. Let w(d) = -2*d + 28. Let y(x) = -3*q(x) + w(x). Suppose 3*r = -3*z + 6, 4*r = z - 4*z + 8. Is y(z) a prime number?
True
Suppose -2*v = v - 6. Let n(c) = -c**3 - 2*c**2 + 2*c. Let i be n(-3). Suppose -v*w + h = 4*h - 103, i*w - 132 = 3*h. Is w composite?
False
Suppose 4*u - 33 - 283 = 0. Is u a composite number?
False
Let n(f) = 16*f**2 - 3*f + 1. Let t be n(2). Let i be 16/4*t/4. Suppose -3*d + 0*q + 